ase 12
560a4
What is -3750843 (base 9) in base 6?
-111425450
What is 2c261 (base 13) in base 4?
110132333
Convert -110230003 (base 4) to base 16.
-14b03
Convert 442014 (base 7) to base 12.
38a49
22112100112020 (base 3) to base 16
452f13
What is -1a16158 (base 12) in base 15?
-73b465
What is -152ada (base 15) in base 3?
-1220220111221
-2210100012201 (base 3) to base 9
-2710181
Convert -124624050 (base 7) to base 3.
-120000220120200
8323581 (base 9) to base 6
235132114
-22444010 (base 5) to base 14
-53da5
-1589e (base 16) to base 8
-254236
Convert -917b42 (base 12) to base 4.
-20223022202
What is -283543 (base 12) in base 9?
-1230346
Convert 111100111110000011 (base 2) to base 3.
110200120022
What is -57e31 (base 15) in base 12?
-11600a
-20a9431 (base 11) to base 8
-16076415
10011010000111001100 (base 2) to base 15
c707e
Convert 5413105 (base 7) to base 16.
a0e0d
-c81125 (base 13) to base 15
-62886b
What is 111503113 (base 6) in base 11?
1178031
Convert -11410220 (base 9) to base 3.
-101110100020200
What is 200220142 (base 6) in base 5?
1331034223
-777153 (base 9) to base 8
-1613166
Convert 202212021200020 (base 3) to base 16.
a92d14
Convert -110020100201 (base 3) to base 16.
-3acc0
What is -24266 (base 10) in base 7?
-130514
Convert -374c3 (base 15) to base 13.
-624b4
Convert 388122 (base 9) to base 3.
102222010202
-1bdac0 (base 16) to base 2
-110111101101011000000
325ba8 (base 14) to base 5
414100303
What is -162344 (base 8) in base 10?
-58596
Convert 12116bc (base 13) to base 9.
11476511
-37d02 (base 14) to base 11
-93a31
Convert -2e40e4 (base 15) to base 5.
-1033204324
-1263030 (base 12) to base 7
-42466233
Convert -1562162 (base 9) to base 11.
-542970
105502132 (base 7) to base 2
11000100011101111001111
-1000101101100001110110 (base 2) to base 7
-25260560
111001100010001010 (base 2) to base 9
388232
Convert 3b81a (base 13) to base 16.
1b279
Convert -11665a (base 13) to base 6.
-12513125
What is -754041 (base 8) in base 12?
-101969
What is -326000 (base 7) in base 2?
-1101111111000001
What is 12100111010221 (base 3) in base 15?
3b29aa
-235006354 (base 7) to base 3
-1000110021201001
What is 3b191 (base 16) in base 5?
30221230
Convert 1116d35 (base 14) to base 5.
4034443320
What is -143240 (base 9) in base 6?
-1513530
-10233430100 (base 5) to base 15
-e42900
What is 7151a (base 13) in base 7?
1503546
What is -304011221 (base 6) in base 2?
-10011111100001000111101
-406364 (base 8) to base 3
-20211100100
Convert 12041344 (base 5) to base 15.
23334
Convert 2efda8 (base 16) to base 4.
23233312220
What is -841ab (base 12) in base 14?
-47107
Convert -467130 (base 8) to base 14.
-420c0
What is -25492 (base 14) in base 12?
-44b20
Convert 49eb20 (base 15) to base 4.
31200331200
What is 869a70 (base 13) in base 4?
30010102000
7963886 (base 11) to base 8
65140767
17dd98d (base 14) to base 7
202364336
Convert 585a40 (base 11) to base 3.
1202021010021
Convert -1718861 (base 10) to base 11.
-a74451
Convert -135521 (base 10) to base 16.
-21161
Convert -46f3d (base 16) to base 9.
-482582
What is 3100331314 (base 5) in base 13?
13b3009
-112744 (base 10) to base 9
-181581
-11466575 (base 9) to base 13
-120b759
What is 2b752aa (base 12) in base 5?
4232111310
What is -11100001110000110010000 (base 2) in base 5?
-3343212101
-2657a7 (base 12) to base 15
-c733a
Convert -104400301 (base 5) to base 15.
-92ebb
What is 2034751 (base 9) in base 15?
166c14
-33310111 (base 4) to base 6
-1215541
What is 222114114 (base 5) in base 6?
32504442
What is 4c912a (base 13) in base 8?
7031112
What is -10001010110101110011 (base 2) in base 7?
-4555664
Convert 1010150 (base 6) to base 10.
48018
What is -20102220223 (base 4) in base 2?
-1000010010101000101011
-3224234204 (base 5) to base 8
-32146126
What is 29724 (base 16) in base 14?
45c20
-15aad (base 14) to base 16
-d3e9
Convert 11212122121 (base 3) to base 12.
4765a
4948586 (base 10) to base 7
60030236
-118193 (base 12) to base 5
-33034042
Convert -43715 (base 12) to base 13.
-3176c
Convert -7b154 (base 16) to base 4.
-1323011110
What is 5244482 (base 10) in base 2?
10100000000011001000010
Convert -15501405 (base 7) to base 8.
-5552457
-10000011110000100101 (base 2) to base 9
-1012270
What is -1442044213 (base 5) in base 2?
-1110101110111110100001
Convert -6851 (base 9) to base 2.
-1001111001100
-257012 (base 8) to base 13
-31a31
What is e386 (base 16) in base 12?
2985a
What is -11002110000110 (base 3) in base 7?
-24322605
Convert -519b1 (base 16) to base 10.
-334257
Convert -100000011001110 (base 2) to base 12.
-9726
Convert 221200202 (base 3) to base 7.
105416
2134642 (base 7) to base 2
111111101110001100
-5a5478 (base 12) to base 10
-1460828
Convert -75b0b (base 13) to base 9.
-353784
Convert 3355578 (base 9) to base 4.
12321200030
What is 121625 (base 12) in base 16?
4783d
What is cd33 (base 14) in base 13?
13225
What is -460301 (base 7) in base 6?
-1430342
-1423411 (base 5) to base 6
-350120
-136358 (base 11) to base 15
-4335b
Convert 1316cf (base 16) to base 9.
2316065
-133843 (base 9) to base 10
-81606
What is -18917 (base 12) in base 3?
-1211012201
What is -951256 (base 10) in base 5?
-220420011
What is 13330123 (base 4) in base 6?
410351
-231048 (base 13) to base 14
-178954
-603d8 (base 14) to base 6
-4542414
What is 52473 (base 9) in base 4?
20131131
What is 1011110001011001010 (base 2) in base 6?
12133454
-73d0b6 (base 15) to base 4
-111001211322
Convert -4658785 (base 9) to base 5.
-1121104324
What is bff63 (base 16) in base 4?
2333331203
What is -14425517 (base 8) in base 9?
-6161117
Convert a81b2 (base 13) to base 5.
34203000
What is -168117 (base 14) in base 4?
-3000333121
-2018aa (base 12) to base 8
-1721702
220210000110020 (base 3) to base 12
44b0629
Convert 949ba9 (base 15) to base 14.
d206ba
-67ca1 (base 14) to base 15
-4ead2
Convert -16356372 (base 8) to base 13.
-a2a079
11410222 (base 6) to base 15
715d8
Convert 10012222100 (base 3) to base 4.
33132231
-10001101110011110001 (base 2) to base 13
-1744c9
-9130fd (base 16) to base 13
-1c82042
What is -e8423 (base 15) in base 5?
-142033213
What is -3a4750 (base 11) in base 8?
-2331615
111411022 (base 6) to base 7
23221064
Convert -772c44 (base 13) to base 15.
-3a63a6
Convert -50d3ab (base 16) to base 6.
-305311243
Convert -4b835 (base 15) to base 7.
-2024003
Convert 21431071 (base 8) to base 6.
242334013
7a6242 (base 11) to base 13
35b707
12353 (base 15) to base 4
32030100
What is -9e99a (base 15) in base 4?
-1323103111
What is -1000001101001110000 (base 2) in base 5?
-32101122
Convert -122012232221 (base 4) to base 8.
-32065651
Convert 3012012100 (base 4) to base 12.
331694
What is -11000100010000000111010 (base 2) in base 7?
-105442424
What is -12671110 (base 9) in base 2?
-10111110101000111101011
101021220 (base 3) to base 4
1311033
-764488 (base 10) to base 7
-6332554
Convert 1016212 (base 7) to base 16.
1dd67
2c76b20 (base 13) to base 14
1c8c240
Convert 400224 (base 9) to base 15.
4a08a
Convert 12202312320 (base 4) to base 8.
6426670
What is -20001121220 (base 3) in base 12?
-59043
What is 155515 (base 6) in base 4?
3302213
What is 2212202212 (base 3) in base 12?
28988
Convert 11411003 (base 5) to base 3.
12102210002
-10112111 (base 6) to base 8
-1065313
-808a3 (base 11) to base 4
-130313001
-404531 (base 6) to base 15
-97e7
What is -137da1 (base 14) in base 13?
-1a82b9
-80c37d (base 16) to base 5
-4130014103
121010212210 (base 3) to base 10
317757
Convert -15610654 (base 7) to base 16.
-171f64
511592 (base 12) to base 2
100110101011011111110
What is 8947117 (base 10) in base 7?
136022614
What is 1111010110101111011110 (base 2) in base 15?
547a40
Convert 7e063c (base 15) to base 12.
2027186
Convert 4303203 (base 5) to base 3.
10200011220
What is 116014 (base 8) in base 2?
1001110000001100
Convert -2e617 (base 15) to base 6.
-3113504
What is -21358338 (base 9) in base 15?
-d8ac7b
What is -110101001100101000100 (base 2) in base 14?
-3353a4
What is 210101220201 (base 3) in base 10?
421300
Convert -2113010010 (base 4) to base 14.
-1216cc
What is -379a2 (base 11) in base 10?
-54441
1111110011000010011 (base 2) to base 5
113031101
Convert 146b0b0 (base 13) to base 14.
c15849
Convert -141bb4 (base 15) to base 16.
-ec4d6
366550 (base 10) to base 13
caac2
What is 